{"id":20202,"date":"2021-11-29T17:42:11","date_gmt":"2021-11-29T16:42:11","guid":{"rendered":"http:\/\/thebestbijoux.fr\/?post_type=product&#038;p=20202"},"modified":"2024-04-13T12:04:54","modified_gmt":"2024-04-13T10:04:54","slug":"montre-homme-festina-multifonctions-cadran-rond-noir","status":"publish","type":"product","link":"https:\/\/thebestbijoux.fr\/index.php\/produit\/montre-homme-festina-multifonctions-cadran-rond-noir\/","title":{"rendered":"Montre homme Festina , multifonctions cadran rond blanc et bleu ,bracelet en m\u00e9tal acier,\u00e9tanch\u00e9it\u00e9 10ATM,garantie 2 ans(non disponible)"},"content":{"rendered":"","protected":false},"excerpt":{"rendered":"","protected":false},"featured_media":22995,"comment_status":"open","ping_status":"closed","template":"","meta":[],"_links":{"self":[{"href":"https:\/\/thebestbijoux.fr\/index.php\/wp-json\/wp\/v2\/product\/20202"}],"collection":[{"href":"https:\/\/thebestbijoux.fr\/index.php\/wp-json\/wp\/v2\/product"}],"about":[{"href":"https:\/\/thebestbijoux.fr\/index.php\/wp-json\/wp\/v2\/types\/product"}],"replies":[{"embeddable":true,"href":"https:\/\/thebestbijoux.fr\/index.php\/wp-json\/wp\/v2\/comments?post=20202"}],"wp:featuredmedia":[{"embeddable":true,"href":"https:\/\/thebestbijoux.fr\/index.php\/wp-json\/wp\/v2\/media\/22995"}],"wp:attachment":[{"href":"https:\/\/thebestbijoux.fr\/index.php\/wp-json\/wp\/v2\/media?parent=20202"}],"curies":[{"name":"wp","href":"https:\/\/api.w.org\/{rel}","templated":true}]}}