{"id":7855,"date":"2018-03-21T15:03:08","date_gmt":"2018-03-21T14:03:08","guid":{"rendered":"http:\/\/thebestbijoux.fr\/?post_type=product&#038;p=7855"},"modified":"2022-11-28T15:58:22","modified_gmt":"2022-11-28T14:58:22","slug":"7855","status":"publish","type":"product","link":"http:\/\/thebestbijoux.fr\/index.php\/produit\/7855\/","title":{"rendered":"Montre femme  Festina ,cadran rond aux cristaux ,bracelet dor\u00e9 en m\u00e9tal,, \u00e9tanch\u00e9it\u00e9 5 ATM,garantie 2 ans"},"content":{"rendered":"","protected":false},"excerpt":{"rendered":"","protected":false},"featured_media":20131,"comment_status":"open","ping_status":"closed","template":"","meta":[],"_links":{"self":[{"href":"http:\/\/thebestbijoux.fr\/index.php\/wp-json\/wp\/v2\/product\/7855"}],"collection":[{"href":"http:\/\/thebestbijoux.fr\/index.php\/wp-json\/wp\/v2\/product"}],"about":[{"href":"http:\/\/thebestbijoux.fr\/index.php\/wp-json\/wp\/v2\/types\/product"}],"replies":[{"embeddable":true,"href":"http:\/\/thebestbijoux.fr\/index.php\/wp-json\/wp\/v2\/comments?post=7855"}],"wp:featuredmedia":[{"embeddable":true,"href":"http:\/\/thebestbijoux.fr\/index.php\/wp-json\/wp\/v2\/media\/20131"}],"wp:attachment":[{"href":"http:\/\/thebestbijoux.fr\/index.php\/wp-json\/wp\/v2\/media?parent=7855"}],"curies":[{"name":"wp","href":"https:\/\/api.w.org\/{rel}","templated":true}]}}