{"id":7102,"date":"2018-03-14T00:33:17","date_gmt":"2018-03-13T23:33:17","guid":{"rendered":"http:\/\/thebestbijoux.fr\/?post_type=product&#038;p=7102"},"modified":"2023-09-23T11:31:12","modified_gmt":"2023-09-23T09:31:12","slug":"7102","status":"publish","type":"product","link":"http:\/\/thebestbijoux.fr\/index.php\/produit\/7102\/","title":{"rendered":"Bracelet plaqu\u00e9 or grain de caf\u00e9 bomb\u00e9  de 19cm \u00e0 23cm"},"content":{"rendered":"","protected":false},"excerpt":{"rendered":"","protected":false},"featured_media":13291,"comment_status":"open","ping_status":"closed","template":"","meta":[],"_links":{"self":[{"href":"http:\/\/thebestbijoux.fr\/index.php\/wp-json\/wp\/v2\/product\/7102"}],"collection":[{"href":"http:\/\/thebestbijoux.fr\/index.php\/wp-json\/wp\/v2\/product"}],"about":[{"href":"http:\/\/thebestbijoux.fr\/index.php\/wp-json\/wp\/v2\/types\/product"}],"replies":[{"embeddable":true,"href":"http:\/\/thebestbijoux.fr\/index.php\/wp-json\/wp\/v2\/comments?post=7102"}],"wp:featuredmedia":[{"embeddable":true,"href":"http:\/\/thebestbijoux.fr\/index.php\/wp-json\/wp\/v2\/media\/13291"}],"wp:attachment":[{"href":"http:\/\/thebestbijoux.fr\/index.php\/wp-json\/wp\/v2\/media?parent=7102"}],"curies":[{"name":"wp","href":"https:\/\/api.w.org\/{rel}","templated":true}]}}