{"id":4004,"date":"2018-02-14T17:04:32","date_gmt":"2018-02-14T16:04:32","guid":{"rendered":"http:\/\/thebestbijoux.fr\/?post_type=product&#038;p=4004"},"modified":"2024-04-13T12:39:52","modified_gmt":"2024-04-13T10:39:52","slug":"montre-22","status":"publish","type":"product","link":"http:\/\/thebestbijoux.fr\/index.php\/produit\/montre-22\/","title":{"rendered":"Montre homme Lotus, multifonctions cadran bleu , bracelet en m\u00e9tal dor\u00e9, \u00e9tanch\u00e9it\u00e9 10 ATM, garantie 2 ans(non disponible disponible)"},"content":{"rendered":"<p>montre<\/p>\n","protected":false},"excerpt":{"rendered":"<p>montre<\/p>\n","protected":false},"featured_media":22199,"comment_status":"open","ping_status":"closed","template":"","meta":[],"_links":{"self":[{"href":"http:\/\/thebestbijoux.fr\/index.php\/wp-json\/wp\/v2\/product\/4004"}],"collection":[{"href":"http:\/\/thebestbijoux.fr\/index.php\/wp-json\/wp\/v2\/product"}],"about":[{"href":"http:\/\/thebestbijoux.fr\/index.php\/wp-json\/wp\/v2\/types\/product"}],"replies":[{"embeddable":true,"href":"http:\/\/thebestbijoux.fr\/index.php\/wp-json\/wp\/v2\/comments?post=4004"}],"wp:featuredmedia":[{"embeddable":true,"href":"http:\/\/thebestbijoux.fr\/index.php\/wp-json\/wp\/v2\/media\/22199"}],"wp:attachment":[{"href":"http:\/\/thebestbijoux.fr\/index.php\/wp-json\/wp\/v2\/media?parent=4004"}],"curies":[{"name":"wp","href":"https:\/\/api.w.org\/{rel}","templated":true}]}}