{"id":3691,"date":"2018-02-14T08:50:13","date_gmt":"2018-02-14T07:50:13","guid":{"rendered":"http:\/\/thebestbijoux.fr\/?post_type=product&#038;p=3691"},"modified":"2022-12-09T13:30:52","modified_gmt":"2022-12-09T12:30:52","slug":"montre-femme-22","status":"publish","type":"product","link":"http:\/\/thebestbijoux.fr\/index.php\/produit\/montre-femme-22\/","title":{"rendered":"Montre femme Lotus ,cadran rond blanc aux cristaux,bracelet en m\u00e9tal dor\u00e9, \u00e9tanch\u00e9it\u00e9 5 ATM"},"content":{"rendered":"","protected":false},"excerpt":{"rendered":"<p>MOUVEMENT JAPONAIS,PILE GARANTI 2 ANS<\/p>\n","protected":false},"featured_media":21909,"comment_status":"open","ping_status":"closed","template":"","meta":[],"_links":{"self":[{"href":"http:\/\/thebestbijoux.fr\/index.php\/wp-json\/wp\/v2\/product\/3691"}],"collection":[{"href":"http:\/\/thebestbijoux.fr\/index.php\/wp-json\/wp\/v2\/product"}],"about":[{"href":"http:\/\/thebestbijoux.fr\/index.php\/wp-json\/wp\/v2\/types\/product"}],"replies":[{"embeddable":true,"href":"http:\/\/thebestbijoux.fr\/index.php\/wp-json\/wp\/v2\/comments?post=3691"}],"wp:featuredmedia":[{"embeddable":true,"href":"http:\/\/thebestbijoux.fr\/index.php\/wp-json\/wp\/v2\/media\/21909"}],"wp:attachment":[{"href":"http:\/\/thebestbijoux.fr\/index.php\/wp-json\/wp\/v2\/media?parent=3691"}],"curies":[{"name":"wp","href":"https:\/\/api.w.org\/{rel}","templated":true}]}}