{"id":3147,"date":"2018-02-11T15:13:55","date_gmt":"2018-02-11T14:13:55","guid":{"rendered":"http:\/\/thebestbijoux.fr\/?post_type=product&#038;p=3147"},"modified":"2022-10-19T13:02:09","modified_gmt":"2022-10-19T11:02:09","slug":"boucles-doreilles-121","status":"publish","type":"product","link":"http:\/\/thebestbijoux.fr\/index.php\/produit\/boucles-doreilles-121\/","title":{"rendered":"Boucles d&rsquo;oreilles en plaqu\u00e9 or Cam\u00e9e"},"content":{"rendered":"<p>boucles d&rsquo;oreilles Cam\u00e9e OZ<\/p>\n","protected":false},"excerpt":{"rendered":"<p>boucles d&rsquo;oreilles Cam\u00e9e OZ<\/p>\n","protected":false},"featured_media":21558,"comment_status":"open","ping_status":"closed","template":"","meta":[],"_links":{"self":[{"href":"http:\/\/thebestbijoux.fr\/index.php\/wp-json\/wp\/v2\/product\/3147"}],"collection":[{"href":"http:\/\/thebestbijoux.fr\/index.php\/wp-json\/wp\/v2\/product"}],"about":[{"href":"http:\/\/thebestbijoux.fr\/index.php\/wp-json\/wp\/v2\/types\/product"}],"replies":[{"embeddable":true,"href":"http:\/\/thebestbijoux.fr\/index.php\/wp-json\/wp\/v2\/comments?post=3147"}],"wp:featuredmedia":[{"embeddable":true,"href":"http:\/\/thebestbijoux.fr\/index.php\/wp-json\/wp\/v2\/media\/21558"}],"wp:attachment":[{"href":"http:\/\/thebestbijoux.fr\/index.php\/wp-json\/wp\/v2\/media?parent=3147"}],"curies":[{"name":"wp","href":"https:\/\/api.w.org\/{rel}","templated":true}]}}