{"id":1956,"date":"2018-02-05T09:01:20","date_gmt":"2018-02-05T08:01:20","guid":{"rendered":"http:\/\/thebestbijoux.fr\/?post_type=product&#038;p=1956"},"modified":"2024-07-22T14:57:09","modified_gmt":"2024-07-22T12:57:09","slug":"boucles-doreilles-creoles-23","status":"publish","type":"product","link":"http:\/\/thebestbijoux.fr\/index.php\/produit\/boucles-doreilles-creoles-23\/","title":{"rendered":"Boucles d&rsquo;oreilles Cr\u00e9oles torsad\u00e9es en argent 56mm"},"content":{"rendered":"<p>boucles d&rsquo;oreilles Cr\u00e9oles 53mm <ins datetime=\"2018-02-05T07:59:40+00:00\"><\/ins><\/p>\n","protected":false},"excerpt":{"rendered":"<p>boucles d&rsquo;oreilles Cr\u00e9oles 53mm<\/p>\n","protected":false},"featured_media":10669,"comment_status":"open","ping_status":"closed","template":"","meta":[],"_links":{"self":[{"href":"http:\/\/thebestbijoux.fr\/index.php\/wp-json\/wp\/v2\/product\/1956"}],"collection":[{"href":"http:\/\/thebestbijoux.fr\/index.php\/wp-json\/wp\/v2\/product"}],"about":[{"href":"http:\/\/thebestbijoux.fr\/index.php\/wp-json\/wp\/v2\/types\/product"}],"replies":[{"embeddable":true,"href":"http:\/\/thebestbijoux.fr\/index.php\/wp-json\/wp\/v2\/comments?post=1956"}],"wp:featuredmedia":[{"embeddable":true,"href":"http:\/\/thebestbijoux.fr\/index.php\/wp-json\/wp\/v2\/media\/10669"}],"wp:attachment":[{"href":"http:\/\/thebestbijoux.fr\/index.php\/wp-json\/wp\/v2\/media?parent=1956"}],"curies":[{"name":"wp","href":"https:\/\/api.w.org\/{rel}","templated":true}]}}