{"id":1836,"date":"2018-02-04T23:23:24","date_gmt":"2018-02-04T22:23:24","guid":{"rendered":"http:\/\/thebestbijoux.fr\/?post_type=product&#038;p=1836"},"modified":"2025-11-20T17:51:37","modified_gmt":"2025-11-20T16:51:37","slug":"pendentif-tete-de-jesus-4","status":"publish","type":"product","link":"http:\/\/thebestbijoux.fr\/index.php\/produit\/pendentif-tete-de-jesus-4\/","title":{"rendered":"Pendentif T\u00eate de J\u00e9sus"},"content":{"rendered":"<p>pendentif T\u00eate de Jesus<\/p>\n","protected":false},"excerpt":{"rendered":"<p>pendentif T\u00eate de Jesus<\/p>\n","protected":false},"featured_media":23917,"comment_status":"open","ping_status":"closed","template":"","meta":[],"_links":{"self":[{"href":"http:\/\/thebestbijoux.fr\/index.php\/wp-json\/wp\/v2\/product\/1836"}],"collection":[{"href":"http:\/\/thebestbijoux.fr\/index.php\/wp-json\/wp\/v2\/product"}],"about":[{"href":"http:\/\/thebestbijoux.fr\/index.php\/wp-json\/wp\/v2\/types\/product"}],"replies":[{"embeddable":true,"href":"http:\/\/thebestbijoux.fr\/index.php\/wp-json\/wp\/v2\/comments?post=1836"}],"wp:featuredmedia":[{"embeddable":true,"href":"http:\/\/thebestbijoux.fr\/index.php\/wp-json\/wp\/v2\/media\/23917"}],"wp:attachment":[{"href":"http:\/\/thebestbijoux.fr\/index.php\/wp-json\/wp\/v2\/media?parent=1836"}],"curies":[{"name":"wp","href":"https:\/\/api.w.org\/{rel}","templated":true}]}}