{"id":1377,"date":"2018-02-01T22:05:42","date_gmt":"2018-02-01T21:05:42","guid":{"rendered":"http:\/\/thebestbijoux.fr\/?post_type=product&#038;p=1377"},"modified":"2025-11-13T12:54:06","modified_gmt":"2025-11-13T11:54:06","slug":"pendentif-coeur-avec-fleche","status":"publish","type":"product","link":"http:\/\/thebestbijoux.fr\/index.php\/produit\/pendentif-coeur-avec-fleche\/","title":{"rendered":"Pendentif en plaqu\u00e9 or broche pendant turquoise"},"content":{"rendered":"<p>pendentif C\u0153ur avec fl\u00e8che OZ<\/p>\n","protected":false},"excerpt":{"rendered":"<p>pendentif C\u0153ur avec fl\u00e8che OZ<\/p>\n","protected":false},"featured_media":23860,"comment_status":"open","ping_status":"closed","template":"","meta":[],"_links":{"self":[{"href":"http:\/\/thebestbijoux.fr\/index.php\/wp-json\/wp\/v2\/product\/1377"}],"collection":[{"href":"http:\/\/thebestbijoux.fr\/index.php\/wp-json\/wp\/v2\/product"}],"about":[{"href":"http:\/\/thebestbijoux.fr\/index.php\/wp-json\/wp\/v2\/types\/product"}],"replies":[{"embeddable":true,"href":"http:\/\/thebestbijoux.fr\/index.php\/wp-json\/wp\/v2\/comments?post=1377"}],"wp:featuredmedia":[{"embeddable":true,"href":"http:\/\/thebestbijoux.fr\/index.php\/wp-json\/wp\/v2\/media\/23860"}],"wp:attachment":[{"href":"http:\/\/thebestbijoux.fr\/index.php\/wp-json\/wp\/v2\/media?parent=1377"}],"curies":[{"name":"wp","href":"https:\/\/api.w.org\/{rel}","templated":true}]}}