{"id":106,"date":"2017-07-26T09:25:50","date_gmt":"2017-07-26T07:25:50","guid":{"rendered":"http:\/\/thebestbijoux.fr\/?page_id=106"},"modified":"2018-07-18T12:37:04","modified_gmt":"2018-07-18T10:37:04","slug":"qui-sommes-nous","status":"publish","type":"page","link":"http:\/\/thebestbijoux.fr\/index.php\/qui-sommes-nous\/","title":{"rendered":"QUI SOMMES-NOUS ?"},"content":{"rendered":"<p>Nous sommes une soci\u00e9t\u00e9 qui a \u00e9t\u00e9 cr\u00e9\u00e9 en juin 1999 qui organise la vente et la fabrication de produits en plaqu\u00e9 or, argent, fantaisie haut de gamme, et des montres de toutes gammes, tout cela sous garantie. La soci\u00e9t\u00e9 travaille avec des fabricants fran\u00e7ais, avec une garantie des produits et un service apr\u00e8s-vente.<\/p>\n","protected":false},"excerpt":{"rendered":"<p>Nous sommes une soci\u00e9t\u00e9 qui a \u00e9t\u00e9 cr\u00e9\u00e9 en juin 1999 qui organise la vente et la fabrication de produits en plaqu\u00e9 or, argent, fantaisie haut de gamme, et des montres de toutes gammes, tout cela sous garantie. La soci\u00e9t\u00e9 travaille avec des fabricants fran\u00e7ais, avec une garantie des produits et un service apr\u00e8s-vente.<\/p>\n","protected":false},"author":1,"featured_media":0,"parent":0,"menu_order":0,"comment_status":"closed","ping_status":"closed","template":"","meta":[],"_links":{"self":[{"href":"http:\/\/thebestbijoux.fr\/index.php\/wp-json\/wp\/v2\/pages\/106"}],"collection":[{"href":"http:\/\/thebestbijoux.fr\/index.php\/wp-json\/wp\/v2\/pages"}],"about":[{"href":"http:\/\/thebestbijoux.fr\/index.php\/wp-json\/wp\/v2\/types\/page"}],"author":[{"embeddable":true,"href":"http:\/\/thebestbijoux.fr\/index.php\/wp-json\/wp\/v2\/users\/1"}],"replies":[{"embeddable":true,"href":"http:\/\/thebestbijoux.fr\/index.php\/wp-json\/wp\/v2\/comments?post=106"}],"version-history":[{"count":2,"href":"http:\/\/thebestbijoux.fr\/index.php\/wp-json\/wp\/v2\/pages\/106\/revisions"}],"predecessor-version":[{"id":11288,"href":"http:\/\/thebestbijoux.fr\/index.php\/wp-json\/wp\/v2\/pages\/106\/revisions\/11288"}],"wp:attachment":[{"href":"http:\/\/thebestbijoux.fr\/index.php\/wp-json\/wp\/v2\/media?parent=106"}],"curies":[{"name":"wp","href":"https:\/\/api.w.org\/{rel}","templated":true}]}}